4 is divided by 179?
79
Calculate the remainder when 168 is divided by 35.
28
Calculate the remainder when 89 is divided by 23.
20
Calculate the remainder when 2985 is divided by 79.
62
Calculate the remainder when 310 is divided by 101.
7
Calculate the remainder when 7918 is divided by 132.
130
Calculate the remainder when 265 is divided by 239.
26
What is the remainder when 1629 is divided by 32?
29
What is the remainder when 124 is divided by 32?
28
What is the remainder when 1656 is divided by 606?
444
What is the remainder when 100 is divided by 30?
10
What is the remainder when 202 is divided by 12?
10
Calculate the remainder when 335 is divided by 48.
47
What is the remainder when 78 is divided by 9?
6
What is the remainder when 3483 is divided by 11?
7
Calculate the remainder when 808 is divided by 385.
38
Calculate the remainder when 4249 is divided by 4245.
4
Calculate the remainder when 218 is divided by 32.
26
What is the remainder when 186 is divided by 10?
6
What is the remainder when 453 is divided by 363?
90
What is the remainder when 109 is divided by 41?
27
What is the remainder when 9929 is divided by 3308?
5
What is the remainder when 360 is divided by 28?
24
What is the remainder when 158 is divided by 16?
14
Calculate the remainder when 503 is divided by 28.
27
What is the remainder when 333 is divided by 80?
13
Calculate the remainder when 60 is divided by 7.
4
What is the remainder when 251 is divided by 87?
77
What is the remainder when 57 is divided by 28?
1
Calculate the remainder when 1137 is divided by 114.
111
What is the remainder when 391 is divided by 28?
27
What is the remainder when 721 is divided by 358?
5
Calculate the remainder when 441 is divided by 37.
34
Calculate the remainder when 915 is divided by 273.
96
What is the remainder when 179 is divided by 21?
11
What is the remainder when 221 is divided by 15?
11
What is the remainder when 2159 is divided by 216?
215
What is the remainder when 23459 is divided by 92?
91
What is the remainder when 1487 is divided by 741?
5
Calculate the remainder when 987 is divided by 45.
42
Calculate the remainder when 198 is divided by 12.
6
Calculate the remainder when 51 is divided by 6.
3
What is the remainder when 45 is divided by 27?
18
What is the remainder when 16447 is divided by 35?
32
What is the remainder when 3621 is divided by 8?
5
Calculate the remainder when 5505 is divided by 34.
31
What is the remainder when 62 is divided by 19?
5
Calculate the remainder when 57 is divided by 35.
22
What is the remainder when 20 is divided by 8?
4
What is the remainder when 142 is divided by 19?
9
What is the remainder when 8817 is divided by 70?
67
What is the remainder when 249 is divided by 17?
11
What is the remainder when 1172 is divided by 19?
13
Calculate the remainder when 609 is divided by 47.
45
What is the remainder when 1823 is divided by 114?
113
Calculate the remainder when 119 is divided by 6.
5
Calculate the remainder when 173 is divided by 53.
14
Calculate the remainder when 35 is divided by 19.
16
Calculate the remainder when 2011 is divided by 87.
10
What is the remainder when 1265 is divided by 137?
32
What is the remainder when 75 is divided by 18?
3
Calculate the remainder when 7511 is divided by 34.
31
Calculate the remainder when 9579 is divided by 266.
3
Calculate the remainder when 44 is divided by 26.
18
Calculate the remainder when 12726 is divided by 89.
88
Calculate the remainder when 611 is divided by 107.
76
Calculate the remainder when 15 is divided by 6.
3
Calculate the remainder when 1323 is divided by 53.
51
Calculate the remainder when 340 is divided by 38.
36
What is the remainder when 605 is divided by 184?
53
Calculate the remainder when 2051 is divided by 1015.
21
What is the remainder when 39 is divided by 6?
3
Calculate the remainder when 32 is divided by 25.
7
What is the remainder when 146 is divided by 9?
2
Calculate the remainder when 235 is divided by 34.
31
What is the remainder when 1246 is divided by 367?
145
Calculate the remainder when 1453 is divided by 54.
49
Calculate the remainder when 321 is divided by 17.
15
Calculate the remainder when 171 is divided by 45.
36
Calculate the remainder when 1685 is divided by 170.
155
Calculate the remainder when 1822 is divided by 9.
4
What is the remainder when 22 is divided by 16?
6
What is the remainder when 14 is divided by 2?
0
What is the remainder when 392 is divided by 19?
12
Calculate the remainder when 262 is divided by 93.
76
Calculate the remainder when 1657 is divided by 32.
25
What is the remainder when 185 is divided by 38?
33
What is the remainder when 262 is divided by 24?
22
Calculate the remainder when 6571 is divided by 106.
105
Calculate the remainder when 388 is divided by 15.
13
Calculate the remainder when 370 is divided by 117.
19
Calculate the remainder when 9084 is divided by 101.
95
What is the remainder when 213 is divided by 63?
24
What is the remainder when 105 is divided by 42?
21
What is the remainder when 365 is divided by 44?
13
Calculate the remainder when 637 is divided by 38.
29
What is the remainder when 745 is divided by 45?
25
What is the remainder when 28942 is divided by 41?
37
What is the remainder when 615 is divided by 232?
151
What is the remainder when 396 is divided by 100?
96
What is the remainder when 766 is divided by 32?
30
Calculate the remainder when 75 is divided by 18.
3
Calculate the remainder when 124 is divided by 39.
7
What is the remainder when 6822 is divided by 75?
72
What is the remainder when 222 is divided by 18?
6
What is the remainder when 973 is divided by 33?
16
Calculate the remainder when 376 is divided by 343.
33
What is the remainder when 1334 is divided by 13?
8
Calculate the remainder when 967 is divided by 51.
49
What is the remainder when 88 is divided by 18?
16
Calculate the remainder when 204 is divided by 96.
12
Calculate the remainder when 175 is divided by 112.
63
Calculate the remainder when 446 is divided by 117.
95
Calculate the remainder when 4697 is divided by 2348.
1
Calculate the remainder when 5263 is divided by 56.
55
Calculate the remainder when 7199 is divided by 32.
31
What is the remainder when 46 is divided by 14?
4
Calculate the remainder when 204 is divided by 160.
44
Calculate the remainder when 1913 is divided by 69.
50
What is the remainder when 12554 is divided by 81?
80
Calculate the remainder when 11489 is divided by 30.
29
What is the remainder when 116 is divided by 44?
28
Calculate the remainder when 595 is divided by 26.
23
What is the remainder when 2435 is divided by 10?
5
Calculate the remainder when 376 is divided by 122.
10
Calculate the remainder when 911 is divided by 152.
151
Calculate the remainder when 335 is divided by 48.
47
What is the remainder when 1150 is divided by 16?
14
Calculate the remainder when 553 is divided by 77.
14
What is the remainder when 453 is divided by 224?
5
What is the remainder when 1646 is divided by 14?
8
What is the remainder when 547 is divided by 21?
1
Calculate the remainder when 52 is divided by 25.
2
Calculate the remainder when 1792 is divided by 197.
19
Calculate the remainder when 90 is divided by 47.
43
Calculate the remainder when 284 is divided by 173.
111
Calculate the remainder when 584 is divided by 75.
59
What is the remainder when 1475 is divided by 17?
13
Calculate the remainder when 549 is divided by 174.
27
What is the remainder when 539 is divided by 20?
19
Calculate the remainder when 552 is divided by 5.
2
What is the remainder when 659 is divided by 8?
3
What is the remainder when 1448 is divided by 165?
128
What is the remainder when 243 is divided by 50?
43
Calculate the remainder when 12 is divided by 3.
0
Calculate the remainder when 480 is divided by 46.
20
What is the remainder when 6553 is divided by 285?
283
Calculate the remainder when 55 is divided by 15.
10
Calculate the remainder when 4167 is divided by 167.
159
What is the remainder when 44 is divided by 16?
12
What is the remainder when 10 is divided by 9?
1
Calculate the remainder when 1115 is divided by 17.
10
Calculate the remainder when 58 is divided by 34.
24
What is the remainder when 345 is divided by 115?
0
What is the remainder when